{"id":533,"date":"2022-12-22T15:57:09","date_gmt":"2022-12-22T15:57:09","guid":{"rendered":"https:\/\/informebajio.com.mx\/?page_id=533"},"modified":"2023-03-07T21:09:58","modified_gmt":"2023-03-08T03:09:58","slug":"guanajuato","status":"publish","type":"page","link":"https:\/\/informebajio.com.mx\/?page_id=533","title":{"rendered":"Nacional\/Guanajuato"},"content":{"rendered":"\t\t<div data-elementor-type=\"wp-page\" data-elementor-id=\"533\" class=\"elementor elementor-533\" data-elementor-settings=\"[]\">\n\t\t\t\t\t\t\t<div class=\"elementor-section-wrap\">\n\t\t\t\t\t\t\t<section class=\"elementor-section elementor-top-section elementor-element elementor-element-aac79ed elementor-section-boxed elementor-section-height-default elementor-section-height-default\" data-id=\"aac79ed\" data-element_type=\"section\">\n\t\t\t\t\t\t<div class=\"elementor-container elementor-column-gap-default\">\n\t\t\t\t\t<div class=\"elementor-column elementor-col-100 elementor-top-column elementor-element elementor-element-ab04c56\" data-id=\"ab04c56\" data-element_type=\"column\">\n\t\t\t<div class=\"elementor-widget-wrap elementor-element-populated\">\n\t\t\t\t\t\t\t\t<div class=\"elementor-element elementor-element-40b6ac2 elementor-widget elementor-widget-heading\" data-id=\"40b6ac2\" data-element_type=\"widget\" data-widget_type=\"heading.default\">\n\t\t\t\t<div class=\"elementor-widget-container\">\n\t\t\t<style>\/*! elementor - v3.5.5 - 03-02-2022 *\/\n.elementor-heading-title{padding:0;margin:0;line-height:1}.elementor-widget-heading .elementor-heading-title[class*=elementor-size-]>a{color:inherit;font-size:inherit;line-height:inherit}.elementor-widget-heading .elementor-heading-title.elementor-size-small{font-size:15px}.elementor-widget-heading .elementor-heading-title.elementor-size-medium{font-size:19px}.elementor-widget-heading .elementor-heading-title.elementor-size-large{font-size:29px}.elementor-widget-heading .elementor-heading-title.elementor-size-xl{font-size:39px}.elementor-widget-heading .elementor-heading-title.elementor-size-xxl{font-size:59px}<\/style><h2 class=\"elementor-heading-title elementor-size-default\">Guanajuato<\/h2>\t\t<\/div>\n\t\t\t\t<\/div>\n\t\t\t\t\t<\/div>\n\t\t<\/div>\n\t\t\t\t\t\t\t<\/div>\n\t\t<\/section>\n\t\t\t\t<section class=\"elementor-section elementor-top-section elementor-element elementor-element-c07d3b6 elementor-section-boxed elementor-section-height-default elementor-section-height-default\" data-id=\"c07d3b6\" data-element_type=\"section\">\n\t\t\t\t\t\t<div class=\"elementor-container elementor-column-gap-default\">\n\t\t\t\t\t<div class=\"elementor-column elementor-col-100 elementor-top-column elementor-element elementor-element-febbf8a\" data-id=\"febbf8a\" data-element_type=\"column\">\n\t\t\t<div class=\"elementor-widget-wrap elementor-element-populated\">\n\t\t\t\t\t\t\t\t<div class=\"elementor-element elementor-element-9d61adc elementor-grid-3 elementor-grid-tablet-2 elementor-grid-mobile-1 elementor-widget elementor-widget-elementor-blog-posts\" data-id=\"9d61adc\" data-element_type=\"widget\" data-settings=\"{&quot;columns&quot;:&quot;3&quot;,&quot;columns_tablet&quot;:&quot;2&quot;,&quot;columns_mobile&quot;:&quot;1&quot;}\" data-widget_type=\"elementor-blog-posts.default\">\n\t\t\t\t<div class=\"elementor-widget-container\">\n\t\t\t\t\t<div class=\"wpcap-grid\">\n\t\t\t\t\t\t<div class=\"wpcap-grid-container elementor-grid wpcap-grid-desktop-3 wpcap-grid-tablet-2 wpcap-grid-mobile-1\">\n\n\t\t\t\t\n        <article id=\"post-46574\" class=\"wpcap-post post-46574 post type-post status-publish format-standard has-post-thumbnail hentry category-guanajuato\">\n         \n            <div class=\"post-grid-inner\">\n            \t\n            \t\t\t\t<div class=\"post-grid-thumbnail\">\n\t\t\t\t<a href=\"https:\/\/informebajio.com.mx\/?p=46574\">\n\t\t\t\t\t<img loading=\"lazy\" decoding=\"async\" width=\"1140\" height=\"712\" src=\"https:\/\/informebajio.com.mx\/wp-content\/uploads\/2024\/12\/wp-header-logo-281.png\" class=\"attachment-full size-full wp-post-image\" alt=\"\" srcset=\"https:\/\/informebajio.com.mx\/wp-content\/uploads\/2024\/12\/wp-header-logo-281.png 1140w, https:\/\/informebajio.com.mx\/wp-content\/uploads\/2024\/12\/wp-header-logo-281-300x187.png 300w, https:\/\/informebajio.com.mx\/wp-content\/uploads\/2024\/12\/wp-header-logo-281-1024x640.png 1024w, https:\/\/informebajio.com.mx\/wp-content\/uploads\/2024\/12\/wp-header-logo-281-768x480.png 768w\" sizes=\"auto, (max-width: 1140px) 100vw, 1140px\" \/>\t\t\t\t<\/a>\n\t\t\t<\/div>\n        \n                <div class=\"post-grid-text-wrap\">\n               \t\t\t\t<h3 class=\"title\">\n\t\t\t<a href=\"https:\/\/informebajio.com.mx\/?p=46574\">Revelan que el 90% de las v\u00edctimas indirectas son mujeres en Guanajuato<\/a>\n\t\t<\/h3>\n\t\t\t                \t\t<div class=\"post-grid-meta\">\n\t\t\t\n\t\t\t\t<span class=\"post-date\"><time datetime=\"2024-12-10T22:49:06-06:00\">martes, 10 diciembre, 2024<\/time><\/span>\n\n\t\t\t\t\n\t\t\t\t<span class=\"post-comments\">No hay comentarios<\/span>\n\n\t\t\t\t\t\t<\/div>\n\t\t\t                \t\t<div class=\"post-grid-excerpt\">\n\t\t\t<p>CELAYA,Gto.- La Alerta de G\u00e9nero tiene tipificado m\u00e1s de 20 tipos de violencia a la mujer, pero muchas de las agresiones se han normalizado al&hellip;<\/p>\n\t\t<\/div>\n\t\t\t                \t\t<a class=\"read-more-btn\" href=\"https:\/\/informebajio.com.mx\/?p=46574\">Leer m\u00e1s \u00bb<\/a>\n\t\t                <\/div>\n\n            <\/div><!-- .blog-inner -->\n           \n        <\/article>\n\n        \n        <article id=\"post-46570\" class=\"wpcap-post post-46570 post type-post status-publish format-standard has-post-thumbnail hentry category-guanajuato\">\n         \n            <div class=\"post-grid-inner\">\n            \t\n            \t\t\t\t<div class=\"post-grid-thumbnail\">\n\t\t\t\t<a href=\"https:\/\/informebajio.com.mx\/?p=46570\">\n\t\t\t\t\t<img loading=\"lazy\" decoding=\"async\" width=\"1140\" height=\"712\" src=\"https:\/\/informebajio.com.mx\/wp-content\/uploads\/2024\/12\/wp-header-logo-279.png\" class=\"attachment-full size-full wp-post-image\" alt=\"\" srcset=\"https:\/\/informebajio.com.mx\/wp-content\/uploads\/2024\/12\/wp-header-logo-279.png 1140w, https:\/\/informebajio.com.mx\/wp-content\/uploads\/2024\/12\/wp-header-logo-279-300x187.png 300w, https:\/\/informebajio.com.mx\/wp-content\/uploads\/2024\/12\/wp-header-logo-279-1024x640.png 1024w, https:\/\/informebajio.com.mx\/wp-content\/uploads\/2024\/12\/wp-header-logo-279-768x480.png 768w\" sizes=\"auto, (max-width: 1140px) 100vw, 1140px\" \/>\t\t\t\t<\/a>\n\t\t\t<\/div>\n        \n                <div class=\"post-grid-text-wrap\">\n               \t\t\t\t<h3 class=\"title\">\n\t\t\t<a href=\"https:\/\/informebajio.com.mx\/?p=46570\">Cerrar\u00e1n la calle Guadalupe en la Alemada de Celaya: conoce las medidas y v\u00edas alternas<\/a>\n\t\t<\/h3>\n\t\t\t                \t\t<div class=\"post-grid-meta\">\n\t\t\t\n\t\t\t\t<span class=\"post-date\"><time datetime=\"2024-12-10T20:54:43-06:00\">martes, 10 diciembre, 2024<\/time><\/span>\n\n\t\t\t\t\n\t\t\t\t<span class=\"post-comments\">No hay comentarios<\/span>\n\n\t\t\t\t\t\t<\/div>\n\t\t\t                \t\t<div class=\"post-grid-excerpt\">\n\t\t\t<p>CELAYA, Gto.- La calle Guadalupe, una de las calles m\u00e1s transitadas de la colonia Alameda ser\u00e1 cerrada el pr\u00f3ximo jueves 12 de diciembre debido a&hellip;<\/p>\n\t\t<\/div>\n\t\t\t                \t\t<a class=\"read-more-btn\" href=\"https:\/\/informebajio.com.mx\/?p=46570\">Leer m\u00e1s \u00bb<\/a>\n\t\t                <\/div>\n\n            <\/div><!-- .blog-inner -->\n           \n        <\/article>\n\n        \n        <article id=\"post-46564\" class=\"wpcap-post post-46564 post type-post status-publish format-standard has-post-thumbnail hentry category-guanajuato\">\n         \n            <div class=\"post-grid-inner\">\n            \t\n            \t\t\t\t<div class=\"post-grid-thumbnail\">\n\t\t\t\t<a href=\"https:\/\/informebajio.com.mx\/?p=46564\">\n\t\t\t\t\t<img loading=\"lazy\" decoding=\"async\" width=\"1140\" height=\"712\" src=\"https:\/\/informebajio.com.mx\/wp-content\/uploads\/2024\/12\/wp-header-logo-276.png\" class=\"attachment-full size-full wp-post-image\" alt=\"\" srcset=\"https:\/\/informebajio.com.mx\/wp-content\/uploads\/2024\/12\/wp-header-logo-276.png 1140w, https:\/\/informebajio.com.mx\/wp-content\/uploads\/2024\/12\/wp-header-logo-276-300x187.png 300w, https:\/\/informebajio.com.mx\/wp-content\/uploads\/2024\/12\/wp-header-logo-276-1024x640.png 1024w, https:\/\/informebajio.com.mx\/wp-content\/uploads\/2024\/12\/wp-header-logo-276-768x480.png 768w\" sizes=\"auto, (max-width: 1140px) 100vw, 1140px\" \/>\t\t\t\t<\/a>\n\t\t\t<\/div>\n        \n                <div class=\"post-grid-text-wrap\">\n               \t\t\t\t<h3 class=\"title\">\n\t\t\t<a href=\"https:\/\/informebajio.com.mx\/?p=46564\">Implementan medidas de seguridad para proteger el turismo en San Miguel de Allende<\/a>\n\t\t<\/h3>\n\t\t\t                \t\t<div class=\"post-grid-meta\">\n\t\t\t\n\t\t\t\t<span class=\"post-date\"><time datetime=\"2024-12-10T18:45:23-06:00\">martes, 10 diciembre, 2024<\/time><\/span>\n\n\t\t\t\t\n\t\t\t\t<span class=\"post-comments\">No hay comentarios<\/span>\n\n\t\t\t\t\t\t<\/div>\n\t\t\t                \t\t<div class=\"post-grid-excerpt\">\n\t\t\t<p>SAN MIGUEL DE ALLENDE, Gto.- La Secretar\u00eda de Seguridad Ciudadana (SSC) y representantes del sector tur\u00edstico local, contin\u00faan implementando estrategias para fortalecer la seguridad en&hellip;<\/p>\n\t\t<\/div>\n\t\t\t                \t\t<a class=\"read-more-btn\" href=\"https:\/\/informebajio.com.mx\/?p=46564\">Leer m\u00e1s \u00bb<\/a>\n\t\t                <\/div>\n\n            <\/div><!-- .blog-inner -->\n           \n        <\/article>\n\n        \n\t\t\t<\/div>\n\t\t<\/div>\n\t\t\t\t<\/div>\n\t\t\t\t<\/div>\n\t\t\t\t\t<\/div>\n\t\t<\/div>\n\t\t\t\t\t\t\t<\/div>\n\t\t<\/section>\n\t\t\t\t<section class=\"elementor-section elementor-top-section elementor-element elementor-element-3aff370 elementor-section-boxed elementor-section-height-default elementor-section-height-default\" data-id=\"3aff370\" data-element_type=\"section\">\n\t\t\t\t\t\t<div class=\"elementor-container elementor-column-gap-default\">\n\t\t\t\t\t<div class=\"elementor-column elementor-col-100 elementor-top-column elementor-element elementor-element-2a3324b\" data-id=\"2a3324b\" data-element_type=\"column\">\n\t\t\t<div class=\"elementor-widget-wrap elementor-element-populated\">\n\t\t\t\t\t\t\t\t<div class=\"elementor-element elementor-element-5ffb7d6 elementor-widget elementor-widget-image\" data-id=\"5ffb7d6\" data-element_type=\"widget\" data-widget_type=\"image.default\">\n\t\t\t\t<div class=\"elementor-widget-container\">\n\t\t\t<style>\/*! elementor - v3.5.5 - 03-02-2022 *\/\n.elementor-widget-image{text-align:center}.elementor-widget-image a{display:inline-block}.elementor-widget-image a img[src$=\".svg\"]{width:48px}.elementor-widget-image img{vertical-align:middle;display:inline-block}<\/style>\t\t\t\t\t\t\t\t\t\t\t\t<img loading=\"lazy\" decoding=\"async\" width=\"640\" height=\"155\" src=\"https:\/\/informebajio.com.mx\/wp-content\/uploads\/2023\/01\/publicidad_4-1024x248.png\" class=\"attachment-large size-large\" alt=\"\" srcset=\"https:\/\/informebajio.com.mx\/wp-content\/uploads\/2023\/01\/publicidad_4-1024x248.png 1024w, https:\/\/informebajio.com.mx\/wp-content\/uploads\/2023\/01\/publicidad_4-300x73.png 300w, https:\/\/informebajio.com.mx\/wp-content\/uploads\/2023\/01\/publicidad_4-768x186.png 768w, https:\/\/informebajio.com.mx\/wp-content\/uploads\/2023\/01\/publicidad_4.png 1250w\" sizes=\"auto, (max-width: 640px) 100vw, 640px\" \/>\t\t\t\t\t\t\t\t\t\t\t\t\t\t\t<\/div>\n\t\t\t\t<\/div>\n\t\t\t\t\t<\/div>\n\t\t<\/div>\n\t\t\t\t\t\t\t<\/div>\n\t\t<\/section>\n\t\t\t\t\t\t<\/div>\n\t\t\t\t\t<\/div>\n\t\t","protected":false},"excerpt":{"rendered":"<p>Guanajuato Exponen da\u00f1os mec\u00e1nicos que presentan los \u201cturibuses\u201d en San Miguel de Allende viernes, 06 enero, 2023 No hay comentarios SAN MIGUEL DE ALLENDE, Gto. (OEM-Informex).- Ante el mal estado mec\u00e1nico que presentan algunas unidades de servicio de transporte tur\u00edstico y que ha evidenciado Mauricio\u2026 Leer m\u00e1s \u00bb Guanajuato, cuarto lugar con m\u00e1s traslados de [&hellip;]<\/p>\n","protected":false},"author":1,"featured_media":0,"parent":0,"menu_order":0,"comment_status":"closed","ping_status":"closed","template":"","meta":{"_monsterinsights_skip_tracking":false,"_monsterinsights_sitenote_active":false,"_monsterinsights_sitenote_note":"","_monsterinsights_sitenote_category":0,"footnotes":""},"class_list":["post-533","page","type-page","status-publish","hentry"],"_links":{"self":[{"href":"https:\/\/informebajio.com.mx\/index.php?rest_route=\/wp\/v2\/pages\/533","targetHints":{"allow":["GET"]}}],"collection":[{"href":"https:\/\/informebajio.com.mx\/index.php?rest_route=\/wp\/v2\/pages"}],"about":[{"href":"https:\/\/informebajio.com.mx\/index.php?rest_route=\/wp\/v2\/types\/page"}],"author":[{"embeddable":true,"href":"https:\/\/informebajio.com.mx\/index.php?rest_route=\/wp\/v2\/users\/1"}],"replies":[{"embeddable":true,"href":"https:\/\/informebajio.com.mx\/index.php?rest_route=%2Fwp%2Fv2%2Fcomments&post=533"}],"version-history":[{"count":14,"href":"https:\/\/informebajio.com.mx\/index.php?rest_route=\/wp\/v2\/pages\/533\/revisions"}],"predecessor-version":[{"id":5189,"href":"https:\/\/informebajio.com.mx\/index.php?rest_route=\/wp\/v2\/pages\/533\/revisions\/5189"}],"wp:attachment":[{"href":"https:\/\/informebajio.com.mx\/index.php?rest_route=%2Fwp%2Fv2%2Fmedia&parent=533"}],"curies":[{"name":"wp","href":"https:\/\/api.w.org\/{rel}","templated":true}]}}